{"id":24497,"date":"2025-10-22T13:41:27","date_gmt":"2025-10-22T11:41:27","guid":{"rendered":"https:\/\/buenartevisual.com\/colegiotalavera\/?page_id=24497"},"modified":"2025-10-22T13:42:06","modified_gmt":"2025-10-22T11:42:06","slug":"programa-bilingue-beda","status":"publish","type":"page","link":"https:\/\/buenartevisual.com\/colegiotalavera\/programa-bilingue-beda\/","title":{"rendered":"Programa biling\u00fce BEDA"},"content":{"rendered":"\t\t<div data-elementor-type=\"wp-page\" data-elementor-id=\"24497\" class=\"elementor elementor-24497\">\n\t\t\t\t\t\t\t<div class=\" elementor-element elementor-element-754f8f21 e-flex e-con-boxed e-con e-parent\" data-id=\"754f8f21\" data-element_type=\"container\">\r\n\t\t\t\t\t\t\t<div class=\"e-con-inner\">\r\n\t\t\t\t\t\t\t<div class=\" elementor-element elementor-element-32d200ae e-con-full e-flex e-con e-child\" data-id=\"32d200ae\" data-element_type=\"container\">\r\n\t\t\t\t\t<div class=\"elementor-element elementor-element-2e9c50e2 elementor-widget elementor-widget-udesign_widget_heading\" data-id=\"2e9c50e2\" data-element_type=\"widget\" data-widget_type=\"udesign_widget_heading.default\">\n\t\t\t\t\t<div class=\"title-wrapper  title-center\"><div class=\"title elementor-heading-title\">\u00bfQu\u00e9 es el programa BEDA?<\/div><\/div>\t\t\t\t<\/div>\n\t\t\t\t<div class=\"elementor-element elementor-element-590e16b elementor-widget__width-initial elementor-widget-mobile__width-inherit elementor-widget elementor-widget-udesign_widget_heading\" data-id=\"590e16b\" data-element_type=\"widget\" data-widget_type=\"udesign_widget_heading.default\">\n\t\t\t\t\t<div class=\"title-wrapper  title-center\"><h2 class=\"title elementor-heading-title\">Un programa biling\u00fce que impulsa el ingl\u00e9s con calidad, formaci\u00f3n y evaluaci\u00f3n internacional<\/h2><\/div>\t\t\t\t<\/div>\n\t\t\t\t<div class=\"elementor-element elementor-element-7d6d711 elementor-widget elementor-widget-text-editor\" data-id=\"7d6d711\" data-element_type=\"widget\" data-widget_type=\"text-editor.default\">\n\t\t\t\t\t\t\t\t\t<p>BEDA es un programa flexible, que ayuda eficazmente a la\u00a0<strong>mejora de la ense\u00f1anza del ingl\u00e9s<\/strong>\u00a0, siempre en coherencia con la calidad del resto de las ense\u00f1anzas y del Proyecto Educativo y valores de nuestro Colegio. Est\u00e1 dirigido por Escuelas Cat\u00f3licas de Madrid y\u00a0<em>Cambridge English Language Assessment<\/em>.<\/p><p>Consiste en una<strong>\u00a0implantaci\u00f3n gradual de la ense\u00f1anza biling\u00fce Espa\u00f1ol-Ingl\u00e9s<\/strong>\u00a0en el Colegio, reforzando y ampliando determinados aspectos de la vida educativa ling\u00fc\u00edstica del Curr\u00edculo y del entorno escolar, a trav\u00e9s de 3 pilares b\u00e1sicos:<\/p><p><strong>\u2022 Incremento cualitativo y cuantitativo de la ense\u00f1anza del ingl\u00e9s.<\/strong><\/p><p><strong>\u2022 Formaci\u00f3n espec\u00edfica del profesorado.<\/strong><\/p><p><strong>\u2022 Evaluaci\u00f3n externa con Cambridge para alumnos, profesores y personal del centro.<\/strong><\/p><p>En nuestro Centro hemos incorporado las \u00e1reas biling\u00fces y metodol\u00f3gicas en Psicomotricidad en Ed. Infantil; M\u00fasica y Ed. F\u00edsica, en la etapa de Ed. Primaria; participamos en programas y actividades de inmersi\u00f3n ling\u00fc\u00edstica en Ed. Secundaria. Y la incorporaci\u00f3n de un auxiliar de conversaci\u00f3n que intervendr\u00e1 en distintas asignaturas de habla inglesa en las etapas de Ed. Primaria y Ed. Secundaria.<\/p>\t\t\t\t\t\t\t\t<\/div>\n\t\t\r\n\t\t\t<\/div>\r\n\t\t\t\t\t\t\t<\/div>\r\n\t\t\t\t\r\n\t\t\t<\/div>\r\n\t\t\t\t\t<\/div>\n\t\t","protected":false},"excerpt":{"rendered":"<p>\u00bfQu\u00e9 es el programa BEDA? Un programa biling\u00fce que impulsa el ingl\u00e9s con calidad, formaci\u00f3n y evaluaci\u00f3n internacional BEDA es un programa flexible, que ayuda eficazmente a la\u00a0mejora de la ense\u00f1anza del ingl\u00e9s\u00a0, siempre en coherencia con la calidad del resto de las ense\u00f1anzas y del Proyecto Educativo y valores de nuestro Colegio. Est\u00e1 dirigido [&hellip;]<\/p>\n","protected":false},"author":2,"featured_media":0,"parent":0,"menu_order":0,"comment_status":"closed","ping_status":"closed","template":"","meta":{"footnotes":""},"class_list":["post-24497","page","type-page","status-publish","hentry"],"yoast_head":"<!-- This site is optimized with the Yoast SEO plugin v26.5 - https:\/\/yoast.com\/wordpress\/plugins\/seo\/ -->\n<title>Programa biling\u00fce BEDA - Colegio Misioneras de la Providencia Talavera de la Reina<\/title>\n<meta name=\"robots\" content=\"noindex, follow, max-snippet:-1, max-image-preview:large, max-video-preview:-1\" \/>\n<meta property=\"og:locale\" content=\"es_ES\" \/>\n<meta property=\"og:type\" content=\"article\" \/>\n<meta property=\"og:title\" content=\"Programa biling\u00fce BEDA - Colegio Misioneras de la Providencia Talavera de la Reina\" \/>\n<meta property=\"og:description\" content=\"\u00bfQu\u00e9 es el programa BEDA? Un programa biling\u00fce que impulsa el ingl\u00e9s con calidad, formaci\u00f3n y evaluaci\u00f3n internacional BEDA es un programa flexible, que ayuda eficazmente a la\u00a0mejora de la ense\u00f1anza del ingl\u00e9s\u00a0, siempre en coherencia con la calidad del resto de las ense\u00f1anzas y del Proyecto Educativo y valores de nuestro Colegio. Est\u00e1 dirigido [&hellip;]\" \/>\n<meta property=\"og:url\" content=\"https:\/\/buenartevisual.com\/colegiotalavera\/programa-bilingue-beda\/\" \/>\n<meta property=\"og:site_name\" content=\"Colegio Misioneras de la Providencia Talavera de la Reina\" \/>\n<meta property=\"article:modified_time\" content=\"2025-10-22T11:42:06+00:00\" \/>\n<meta name=\"twitter:card\" content=\"summary_large_image\" \/>\n<meta name=\"twitter:label1\" content=\"Tiempo de lectura\" \/>\n\t<meta name=\"twitter:data1\" content=\"1 minuto\" \/>\n<script type=\"application\/ld+json\" class=\"yoast-schema-graph\">{\"@context\":\"https:\/\/schema.org\",\"@graph\":[{\"@type\":\"WebPage\",\"@id\":\"https:\/\/buenartevisual.com\/colegiotalavera\/programa-bilingue-beda\/\",\"url\":\"https:\/\/buenartevisual.com\/colegiotalavera\/programa-bilingue-beda\/\",\"name\":\"Programa biling\u00fce BEDA - Colegio Misioneras de la Providencia Talavera de la Reina\",\"isPartOf\":{\"@id\":\"https:\/\/buenartevisual.com\/colegiotalavera\/#website\"},\"datePublished\":\"2025-10-22T11:41:27+00:00\",\"dateModified\":\"2025-10-22T11:42:06+00:00\",\"breadcrumb\":{\"@id\":\"https:\/\/buenartevisual.com\/colegiotalavera\/programa-bilingue-beda\/#breadcrumb\"},\"inLanguage\":\"es\",\"potentialAction\":[{\"@type\":\"ReadAction\",\"target\":[\"https:\/\/buenartevisual.com\/colegiotalavera\/programa-bilingue-beda\/\"]}]},{\"@type\":\"BreadcrumbList\",\"@id\":\"https:\/\/buenartevisual.com\/colegiotalavera\/programa-bilingue-beda\/#breadcrumb\",\"itemListElement\":[{\"@type\":\"ListItem\",\"position\":1,\"name\":\"Portada\",\"item\":\"https:\/\/buenartevisual.com\/colegiotalavera\/\"},{\"@type\":\"ListItem\",\"position\":2,\"name\":\"Programa biling\u00fce BEDA\"}]},{\"@type\":\"WebSite\",\"@id\":\"https:\/\/buenartevisual.com\/colegiotalavera\/#website\",\"url\":\"https:\/\/buenartevisual.com\/colegiotalavera\/\",\"name\":\"Colegio Misioneras de la Providencia Talavera de la Reina\",\"description\":\"Web del colegio Misioneras de la Providencia de Talavera de la Reina\",\"publisher\":{\"@id\":\"https:\/\/buenartevisual.com\/colegiotalavera\/#organization\"},\"potentialAction\":[{\"@type\":\"SearchAction\",\"target\":{\"@type\":\"EntryPoint\",\"urlTemplate\":\"https:\/\/buenartevisual.com\/colegiotalavera\/?s={search_term_string}\"},\"query-input\":{\"@type\":\"PropertyValueSpecification\",\"valueRequired\":true,\"valueName\":\"search_term_string\"}}],\"inLanguage\":\"es\"},{\"@type\":\"Organization\",\"@id\":\"https:\/\/buenartevisual.com\/colegiotalavera\/#organization\",\"name\":\"Colegio Misioneras de la Providencia Talavera de la Reina\",\"url\":\"https:\/\/buenartevisual.com\/colegiotalavera\/\",\"logo\":{\"@type\":\"ImageObject\",\"inLanguage\":\"es\",\"@id\":\"https:\/\/buenartevisual.com\/colegiotalavera\/#\/schema\/logo\/image\/\",\"url\":\"https:\/\/buenartevisual.com\/colegiotalavera\/wp-content\/uploads\/2025\/10\/logo-misioneras-talavera.png\",\"contentUrl\":\"https:\/\/buenartevisual.com\/colegiotalavera\/wp-content\/uploads\/2025\/10\/logo-misioneras-talavera.png\",\"width\":447,\"height\":142,\"caption\":\"Colegio Misioneras de la Providencia Talavera de la Reina\"},\"image\":{\"@id\":\"https:\/\/buenartevisual.com\/colegiotalavera\/#\/schema\/logo\/image\/\"}}]}<\/script>\n<!-- \/ Yoast SEO plugin. -->","yoast_head_json":{"title":"Programa biling\u00fce BEDA - Colegio Misioneras de la Providencia Talavera de la Reina","robots":{"index":"noindex","follow":"follow","max-snippet":"max-snippet:-1","max-image-preview":"max-image-preview:large","max-video-preview":"max-video-preview:-1"},"og_locale":"es_ES","og_type":"article","og_title":"Programa biling\u00fce BEDA - Colegio Misioneras de la Providencia Talavera de la Reina","og_description":"\u00bfQu\u00e9 es el programa BEDA? Un programa biling\u00fce que impulsa el ingl\u00e9s con calidad, formaci\u00f3n y evaluaci\u00f3n internacional BEDA es un programa flexible, que ayuda eficazmente a la\u00a0mejora de la ense\u00f1anza del ingl\u00e9s\u00a0, siempre en coherencia con la calidad del resto de las ense\u00f1anzas y del Proyecto Educativo y valores de nuestro Colegio. Est\u00e1 dirigido [&hellip;]","og_url":"https:\/\/buenartevisual.com\/colegiotalavera\/programa-bilingue-beda\/","og_site_name":"Colegio Misioneras de la Providencia Talavera de la Reina","article_modified_time":"2025-10-22T11:42:06+00:00","twitter_card":"summary_large_image","twitter_misc":{"Tiempo de lectura":"1 minuto"},"schema":{"@context":"https:\/\/schema.org","@graph":[{"@type":"WebPage","@id":"https:\/\/buenartevisual.com\/colegiotalavera\/programa-bilingue-beda\/","url":"https:\/\/buenartevisual.com\/colegiotalavera\/programa-bilingue-beda\/","name":"Programa biling\u00fce BEDA - Colegio Misioneras de la Providencia Talavera de la Reina","isPartOf":{"@id":"https:\/\/buenartevisual.com\/colegiotalavera\/#website"},"datePublished":"2025-10-22T11:41:27+00:00","dateModified":"2025-10-22T11:42:06+00:00","breadcrumb":{"@id":"https:\/\/buenartevisual.com\/colegiotalavera\/programa-bilingue-beda\/#breadcrumb"},"inLanguage":"es","potentialAction":[{"@type":"ReadAction","target":["https:\/\/buenartevisual.com\/colegiotalavera\/programa-bilingue-beda\/"]}]},{"@type":"BreadcrumbList","@id":"https:\/\/buenartevisual.com\/colegiotalavera\/programa-bilingue-beda\/#breadcrumb","itemListElement":[{"@type":"ListItem","position":1,"name":"Portada","item":"https:\/\/buenartevisual.com\/colegiotalavera\/"},{"@type":"ListItem","position":2,"name":"Programa biling\u00fce BEDA"}]},{"@type":"WebSite","@id":"https:\/\/buenartevisual.com\/colegiotalavera\/#website","url":"https:\/\/buenartevisual.com\/colegiotalavera\/","name":"Colegio Misioneras de la Providencia Talavera de la Reina","description":"Web del colegio Misioneras de la Providencia de Talavera de la Reina","publisher":{"@id":"https:\/\/buenartevisual.com\/colegiotalavera\/#organization"},"potentialAction":[{"@type":"SearchAction","target":{"@type":"EntryPoint","urlTemplate":"https:\/\/buenartevisual.com\/colegiotalavera\/?s={search_term_string}"},"query-input":{"@type":"PropertyValueSpecification","valueRequired":true,"valueName":"search_term_string"}}],"inLanguage":"es"},{"@type":"Organization","@id":"https:\/\/buenartevisual.com\/colegiotalavera\/#organization","name":"Colegio Misioneras de la Providencia Talavera de la Reina","url":"https:\/\/buenartevisual.com\/colegiotalavera\/","logo":{"@type":"ImageObject","inLanguage":"es","@id":"https:\/\/buenartevisual.com\/colegiotalavera\/#\/schema\/logo\/image\/","url":"https:\/\/buenartevisual.com\/colegiotalavera\/wp-content\/uploads\/2025\/10\/logo-misioneras-talavera.png","contentUrl":"https:\/\/buenartevisual.com\/colegiotalavera\/wp-content\/uploads\/2025\/10\/logo-misioneras-talavera.png","width":447,"height":142,"caption":"Colegio Misioneras de la Providencia Talavera de la Reina"},"image":{"@id":"https:\/\/buenartevisual.com\/colegiotalavera\/#\/schema\/logo\/image\/"}}]}},"_links":{"self":[{"href":"https:\/\/buenartevisual.com\/colegiotalavera\/wp-json\/wp\/v2\/pages\/24497","targetHints":{"allow":["GET"]}}],"collection":[{"href":"https:\/\/buenartevisual.com\/colegiotalavera\/wp-json\/wp\/v2\/pages"}],"about":[{"href":"https:\/\/buenartevisual.com\/colegiotalavera\/wp-json\/wp\/v2\/types\/page"}],"author":[{"embeddable":true,"href":"https:\/\/buenartevisual.com\/colegiotalavera\/wp-json\/wp\/v2\/users\/2"}],"replies":[{"embeddable":true,"href":"https:\/\/buenartevisual.com\/colegiotalavera\/wp-json\/wp\/v2\/comments?post=24497"}],"version-history":[{"count":4,"href":"https:\/\/buenartevisual.com\/colegiotalavera\/wp-json\/wp\/v2\/pages\/24497\/revisions"}],"predecessor-version":[{"id":24501,"href":"https:\/\/buenartevisual.com\/colegiotalavera\/wp-json\/wp\/v2\/pages\/24497\/revisions\/24501"}],"wp:attachment":[{"href":"https:\/\/buenartevisual.com\/colegiotalavera\/wp-json\/wp\/v2\/media?parent=24497"}],"curies":[{"name":"wp","href":"https:\/\/api.w.org\/{rel}","templated":true}]}}